 = b - -4. What are the prime factors of r?
5
Suppose -4*j + 0*j = 2*o - 106, -2*o = j - 28. List the prime factors of j.
2, 13
Let j(z) = 2*z**2 - z + 1. Let y be j(1). Let b be -2 - (2 - 2/1). Let o = y - b. What are the prime factors of o?
2
Suppose -3*l + 3*c = -89 - 4, 4*l - 5*c - 128 = 0. List the prime factors of l.
3
Let a be (-6)/9*(-30)/4. Suppose -a*n = 14 + 1, -3*o + n = -21. Suppose -4 - o = -2*w. List the prime factors of w.
5
Suppose -2*t + 40 = -2*q, 0 = -t + 5*q + 13 + 27. What are the prime factors of t?
3, 5
Suppose h + 4*w = -2*h + 59, 4*h - 66 = w. What are the prime factors of h?
17
Suppose 3*h = -2*h + 650. What are the prime factors of h?
2, 5, 13
Suppose -3*c = -5*c + 4. Suppose 3*l = -c*r - 6, 2*l - 5*l = 3*r + 6. What are the prime factors of 0 - (l + (-2 - -2))?
2
Suppose 5*l = 6*l - 157. Suppose -58 = -5*m + 5*w + l, -2*m - 3*w = -66. What are the prime factors of m?
3, 13
Let k be (0 + 0 - 0)/1. Let o = k + 15. List the prime factors of o.
3, 5
Let a = -1 + 3. Suppose a*l = -0*l + 12. List the prime factors of l/(-4)*(-4)/3.
2
Let n(y) = -y**2 - 5*y - 2. Let v(j) = -j**2 - 5*j - 1. Let b(p) = 3*n(p) - 2*v(p). Let z be b(-3). List the prime factors of z - (-1 + 0) - -2.
5
Let c be ((-2)/6)/(5/(-30)). Suppose 5*d + 3*i = 5*i, 0 = -3*d - i + 11. Suppose c*a - 2 = 5*r + 6, 3*r - 24 = -d*a. List the prime factors of a.
3
Suppose 10 = 2*h + 3*h. Let b(a) = 4*a - 4 + 1 + h. What are the prime factors of b(3)?
11
Let i(h) = -4 + 11 - 12 - 3*h - 8. List the prime factors of i(-13).
2, 13
Let p = 0 + 2. Let b(g) = 5*g - 4*g + 0*g**2 + g**p + 11. What are the prime factors of b(0)?
11
Suppose -4*s = 4*f - 28, 2*f - s + 2 = 1. Suppose -2*b - 3*b - 5 = 4*x, -3*b - 1 = f*x. List the prime factors of b.
3
Suppose 0*k - k - 25 = -5*j, 2*j - 4*k = 10. Suppose -2*h = -5*n + 69, -4*n + j*n - 6 = 3*h. What are the prime factors of n?
3, 5
Let v be (24/18)/((-4)/(-90)). Suppose -4*a + v = a. List the prime factors of a.
2, 3
Let r = 10 - 6. List the prime factors of (2/r)/(6/60).
5
Let a be (8/(-2) - 1)*-2. List the prime factors of a*3*2/5.
2, 3
Let j = 295 - 184. What are the prime factors of j?
3, 37
List the prime factors of -1*(-4)/(8/506) - -2.
3, 5, 17
What are the prime factors of ((-3)/(-6))/((-2 - -1)/(-166))?
83
Suppose -2*t = -0*t. Suppose 0*c + 5*c - 15 = t. Suppose c*a - 23 = 19. List the prime factors of a.
2, 7
Let b(k) = -k + 2. Let h = -13 + 8. Let d be b(h). Suppose -2*t - 1 = -d. What are the prime factors of t?
3
Let c = 6 + -4. Suppose b + 3 = c*b. List the prime factors of b/3 + (-18)/(-2).
2, 5
Let t = -7 - -70. List the prime factors of t.
3, 7
Let q = 8 - -7. Let i = -7 + q. What are the prime factors of i?
2
Let c(j) = -j**3 + 5*j**2 - 3*j. Let a be c(4). Suppose -r + 4 = a*i, -4*r + 0*i - 3*i + 81 = 0. List the prime factors of r.
2, 3
Let f(p) be the second derivative of p**3/2 - 9*p**2/2 - 2*p. Let m be f(6). Suppose -2 = -l + m. What are the prime factors of l?
11
Let h(y) = y**3 - y**2. Let d = 4 + -3. Let w be h(d). Suppose -4*i + 28 = -w*i. List the prime factors of i.
7
Suppose 360 = 6*v - 2*v. List the prime factors of v.
2, 3, 5
Let w be 5*((0 - -1) + 0). Suppose 44 + 6 = w*g. List the prime factors of g.
2, 5
Suppose 3*s + 87 = 3*q, -2*q + 29 = -s - 5*q. Let v = -15 - s. List the prime factors of v.
2, 7
Let o = -4 - -5. Let w = 1 + o. Suppose -4*m + w*d + 56 = 0, 24 + 52 = 4*m + 3*d. List the prime factors of m.
2
Let t = 66 + -24. List the prime factors of t.
2, 3, 7
Let v = 7 - 5. Let m(l) = -l - 1. Let p(b) = 8*b + 4. Let t(z) = 4*m(z) + p(z). What are the prime factors of t(v)?
2
Suppose -70 = -3*l - 4*u, 5*l - 4*u + 1 - 139 = 0. List the prime factors of l.
2, 13
Suppose 2*l - 4*l = -60. What are the prime factors of l?
2, 3, 5
Let a(i) = i**3 - 3*i**2 - 2*i - 1. Let v be a(3). Suppose 28*z = 32*z + 20. Let f = z - v. List the prime factors of f.
2
Suppose -2*j + 5*t = 25, 0 = -j - 2*t + 9 + 1. Suppose -142 = -5*l - 3*h, -4*l + j*h = h - 115. Let s = l - 17. What are the prime factors of s?
2, 3
Suppose 7*s + 3*s = 410. What are the prime factors of s?
41
Let m = -20 - -43. List the prime factors of m.
23
Let l(f) = -f**3 + 7*f**2 + 2*f + 3. Suppose 0 = i - 3 - 4. List the prime factors of l(i).
17
Suppose -6*m = -2*m - 144. Let j be 22/18 - 8/m. Suppose -j + 21 = 4*g. List the prime factors of g.
5
Let r = 23 + -14. Let x = r - 5. What are the prime factors of x?
2
Suppose -2*s = 8 - 32. Suppose 0 = -5*y + y - 4*o + 40, 4*o = 4*y - 8. Let b = y + s. What are the prime factors of b?
2, 3
Suppose -h + 1 = -4. Suppose 2*g - 57 = -5*v, -2*v = -h*g - v + 129. Let z = -16 + g. List the prime factors of z.
2, 5
Let v = 147 - 28. What are the prime factors of v?
7, 17
Let t be 3/3 - (10 - -1). Let z = 18 + t. What are the prime factors of z?
2
Let v be -3*4/(-6) - -20. Let n = -14 + v. Let f = n - 5. What are the prime factors of f?
3
Let h = -9 + 13. What are the prime factors of h?
2
Suppose 141 = 5*v - 194. Let c be v*1 - (9 - 8). List the prime factors of 2/(-5) + c/15.
2
Let x(b) = -20*b - 5. List the prime factors of x(-3).
5, 11
Suppose 4 = 2*q + 2*y - 2, -y = -2*q - 3. Suppose -5*p + 15 = -q*p. What are the prime factors of p?
3
Suppose 0 = 4*m + p - 56, -4*p = -5*m - 5*p + 71. List the prime factors of m.
3, 5
Let z(h) = h**2 + 3*h + 3. Let k be z(10). Suppose 0 = -4*u + 12, -k = -5*g + 3*u + u. Suppose -2*w + g = 1. List the prime factors of w.
2, 7
Suppose -2*u + r = -r - 220, 0 = -2*u + r + 215. What are the prime factors of u?
3, 5, 7
Let m be (-2 - (-5 - -1)) + -9. Let c = m + 17. What are the prime factors of c?
2, 5
Suppose -6 = -w + 32. Suppose 5*t - w - 32 = 0. List the prime factors of t.
2, 7
Let v = 4 - -1. Suppose v*g = 2*g. Suppose -3*w + 2*w + 5 = g. What are the prime factors of w?
5
Suppose u - 4 = -1. Suppose -25 - 23 = u*q. Let i = -8 - q. List the prime factors of i.
2
Suppose 9*d - 10 = 4*d, 0 = -3*s - 2*d + 13. Suppose -3*f = -3*h + 60, 2*h - f = -s*h + 100. List the prime factors of h.
2, 5
Let s be 1 - (-9)/6*-10. Let f = 27 + s. List the prime factors of f.
13
Suppose 3*l - 4*i = 180, 2*l - 124 = 3*i - 4. List the prime factors of l.
2, 3, 5
Suppose 7*q - 41 - 113 = 0. List the prime factors of q.
2, 11
Let l = 67 - 35. What are the prime factors of l?
2
Suppose i + 4*i - 135 = 5*p, p = 4. Suppose 3*t - 8 = i. What are the prime factors of t?
13
Let m = -13 - -18. Suppose -3*a + 19 = 4*f, a + 0*a = -f + m. What are the prime factors of f/(((-4)/1)/(-2))?
2
Suppose 2*k + 0*k - 10 = 0. Suppose -2*b + 0*m + m + 7 = 0, 4*b - 11 = k*m. List the prime factors of b - (-2)/(-1) - -1.
3
Let v = 186 - 118. List the prime factors of v.
2, 17
Let d(y) = y**3 - 8*y**2 + 10*y - 6. Suppose -32 + 4 = -4*g. What are the prime factors of d(g)?
3, 5
Let h(o) = o**2 + 27*o + 37. What are the prime factors of h(-29)?
5, 19
Suppose 2*g - 230 = -5*z, z + 3*z = -3*g + 191. List the prime factors of z.
2, 11
Suppose 5*k - 3*k = 4. Let c = k - -10. List the prime factors of c.
2, 3
Suppose -y + 11 = -0*y. Suppose y = 3*i - 10. List the prime factors of i.
7
Suppose 7*v - 3*v = 52. List the prime factors of v.
13
Let p be -3 + 3 + (2 - -1). Suppose -p*n = -5*h + 127, n = 5*n - 4. What are the prime factors of h?
2, 13
Suppose -2*f - 354 = -2*o, -2*o - 4*f - 174 = -3*o. List the prime factors of o.
2, 89
Suppose 4 = -4*p, -4*p + 22 = c - 4. List the prime factors of c.
2, 3, 5
Let g = -6 + 11. Let u = g + -4. List the prime factors of 1 + 2/u + -1.
2
Suppose 2*u - 4*w + 35 = 7*u, 3*w = -u + 18. Suppose 0 = u*v + 2*z - 0*z - 94, -5*v = 5*z - 160. List the prime factors of v.
2, 3, 5
Suppose 23*f = 26*f - 846. What are the prime factors of f?
2, 3, 47
Let z(j) = -17*j - 3. Let i be z(-4). List the prime factors of 1/(-4) + i/4.
2
Suppose -4*u = -u. Suppose 5*q = -u*q + 45. Suppose q + 0 = t. List the prime factors of t.
3
Let z be (-1)/(-5) + (-30)/25. Let t = z + -1. Let x = 6 + t. What are the prime factors of x?
2
Let t be ((-30)/25)/((-4)/10). Let r = t + 0. List the prime factors of r.
3
Let i(g) = -g**3 + 7*g**2 + 10*g - 6. Let r be 17/(-4) + (-4)/(-16). Let d be (-31)/r - (-3)/12. What are the prime factors of i(d)?
2, 5
Let m(p) = -3*p - 1. Let u be m(-6). Let v = u + -12. Suppose 